= 0. Let s(r) = r + 4. Determine s(i).
-2
Let a(d) = d**2 + d - 1. Let g = -3 + 6. Suppose 7*n - 3*n + 4*i - 36 = 0, 0 = -5*n + g*i + 5. Let h = n + -6. Determine a(h).
1
Let y(c) = c**3 + 3*c**2 - 4*c + 2. Let w = 30 + -9. Suppose -2*g - 26 = 5*l, -3*l - 7*g = -4*g + w. What is y(l)?
2
Let h(n) = -n**3 + 5*n**2 - n + 7. Let w be h(5). Let s(v) = -v**w + 2 - 1 + 2*v**2. Suppose -5 = 5*p + 2*o, 4*p + 6*o = o - 4. Give s(p).
2
Let i(u) = -5*u**3 - 12*u**2 + 7*u. Let s(f) = -f - 3. Let b be s(-8). Let r(z) = -4*z**3 - 11*z**2 + 6*z + 1. Let q(x) = b*i(x) - 6*r(x). Determine q(5).
14
Suppose 4*z + 36 = -6*i + 2*i, -2*z + 12 = -4*i. Let y(w) be the third derivative of w**4/24 + 5*w**3/6 - w**2. Give y(i).
0
Let u(i) = -i**2 + i + 3. Let k be u(0). Let q(h) = -2 + k + 3*h - h. Calculate q(-4).
-7
Let i(c) be the third derivative of 7/24*c**4 + 1/120*c**6 + 0*c + 4*c**2 - 7/60*c**5 - c**3 + 0. What is i(6)?
0
Let y(x) be the second derivative of 5*x + x**2 + 1/6*x**3 + 0 - 1/12*x**4. Determine y(2).
0
Suppose -2*h - 40 + 1 = f, 3*f + 32 = -h. Let y = h + 19. Let w(z) = -2*z**3 + 2*z**2 + 2*z - 3. Determine w(y).
-7
Let c(f) = 4324 + 0*f**3 + f**3 - 4332 + 10*f**2. Give c(-10).
-8
Let d(m) = -2*m + 1. Suppose 7*h = 4*h - 12. Calculate d(h).
9
Let i(n) = -n - 6. Let x be (5 - 3)*(-10)/4. What is i(x)?
-1
Let o(h) = -h**2 - 6*h. Let g(i) = -i - 1. Let s(x) = -5*g(x) + o(x). Let q(d) = d**2 - 4*d - 5. Let w be q(5). Determine s(w).
5
Let g(h) = -h - 3. Let c be (-12)/(-10)*(-2 - -7). Suppose d = 3*d - 20. Let x = d - c. Determine g(x).
-7
Let l(c) = c + 7. Suppose -5*j + 2*j = -165. Suppose -2*v + 26 = 4*d, 0 = 5*v + d - j + 8. Let k = -13 + v. What is l(k)?
3
Let t = -4 + 6. Suppose -3*p + 31 = -5*x, -5*x - t*p - 11 = 10. Let r = x + 10. Let g(h) = -h**3 + 6*h**2 - 3*h + 4. Determine g(r).
14
Let g(y) = y**2 + y + 8. Let c = 98 - 98. What is g(c)?
8
Let u(a) = -2*a - 2. Let j(w) = -w + w + 4*w + 2 + 3*w**2. Let v be j(-2). Suppose v = 4*c - 7*c. Give u(c).
2
Let m(f) be the second derivative of f**4/12 + 2*f**3/3 - f**2/2 - 6*f. Give m(-3).
-4
Let h(r) = 1 - 2*r + r + 0. Let z be (-3)/(9/(-3)) + 2. Suppose -z*j = j - 8. Calculate h(j).
-1
Let v(p) be the third derivative of 1/8*p**4 + 1/60*p**5 + 1/6*p**3 + 0 + p**2 + 0*p. Let k(r) = -r**3 - 8*r**2 + 10*r + 8. Let a be k(-9). Give v(a).
-1
Let s(q) be the first derivative of -q**2 + 2*q - 2. Suppose 0*p = -p - 5. What is s(p)?
12
Let i be 8/(-4) - 1*4. Let f(w) = -w**2 + 5*w + 8. Let j(x) = 6*x**2 - 24*x - 40. Let o(p) = 11*f(p) + 2*j(p). Calculate o(i).
2
Let v(d) = -d**3 + d + 5. Let a(f) = -f**3 - 4*f**2 + f + 4. Let h = 12 - 16. Let m be a(h). Give v(m).
5
Let y(r) be the first derivative of -2*r**3/3 + 7*r**2/2 + 2*r - 50. What is y(5)?
-13
Suppose -2*k - 3 = 7. Let d(w) = w - 9. Let s = -12 + 8. Let a(t) = -t + 10. Let v(q) = k*d(q) + s*a(q). Calculate v(5).
0
Let m(i) = 33*i - i**2 - 4 - 1 - 27*i. Let l = 12 + -22. Let h = -5 - l. Determine m(h).
0
Let m(z) = 2*z + 2. Suppose 3*j - 7*j + 8 = 0. Let o = 1 + j. Determine m(o).
8
Let z = -9 - -10. Let f(p) = -3*p**3 + 4*p**3 - 3*p + 4*p**2 + p + 5*p + z. Calculate f(-4).
-11
Let d(t) = -t**2 + 11*t - 4. Let w(f) = -2*f**2 + 12*f - 4. Let l(v) = -3*d(v) + 2*w(v). Determine l(-5).
24
Let j(l) = -l**3 - 5*l**2 - l + 2. Let u be (-1 + -9)*24/48. What is j(u)?
7
Let n(k) be the second derivative of -k**4/12 + 2*k**3/3 - 3*k**2/2 - 5*k. Let g be 1/(-3) - 2/3. Let x be g/(-5) + (-9)/(-5). Calculate n(x).
1
Let q(g) = 2*g + 1. Suppose 2*l - 5*l = -9. Suppose 44 = 4*v - 0*v + 3*o, -5*o - 20 = -5*v. Suppose l*p = v + 4. Calculate q(p).
9
Let j(z) = -10*z - 1. Let d be j(1). Let u(w) = 7*w + 6. Let t(m) = 4*m + 3. Let o(f) = d*t(f) + 6*u(f). Give o(5).
-7
Let j(b) = -2*b**3 + 2*b**2 + 2*b - 3. Let f(z) = z - 4. Let i(p) = -p + 6. Let w be i(0). Let d be f(w). Calculate j(d).
-7
Let b(o) = 2*o**2 - 10*o + 2. Let c(l) = l**2 - l + 1. Let k(f) = -b(f) + 4*c(f). Let d(i) be the first derivative of k(i). What is d(-4)?
-10
Let q(x) = 2*x**2 - 10*x + 7. Suppose -s = -d + 7, -2*d + s = 2*s - 11. Give q(d).
19
Let d = 8 + -8. Let o be (d - (-6)/3) + 3. Let h(w) = 2*w**2 + w - 2*w + 6*w - 3*w**2 + o. Give h(5).
5
Let j(w) = 2*w - 3 - 3 + 1. Let k(f) = f**2 + 17*f + 20. Let z be k(-16). Determine j(z).
3
Let r(n) = n**3 - 3*n**2 - 6*n + 5. Suppose -40 + 4 = 3*h. Let f = 16 + h. Calculate r(f).
-3
Let u(o) = -5*o + 3. Let v(r) = -r**2 + 2. Let d be v(2). Let b be d/(3 + -1) - -3. Give u(b).
-7
Let i(t) = t**2 + 9*t + 2. Let k be i(-9). Let f be ((-12)/(-15))/(k/(-15)). Let c(o) = o**3 + 6*o**2 + 5. What is c(f)?
5
Suppose -3 = -f + 2. Let n(l) = l**2 + 2*l + 1. Let b(c) = -3*c**2 - 5*c - 3. Let r(x) = f*n(x) + 2*b(x). Let i(m) = m - 4. Let d be i(2). Determine r(d).
-5
Suppose 4*r - x + 16 = 0, -2*x + 6*x - 7 = -3*r. Let b(l) = l + 5. What is b(r)?
2
Let o(g) = g**2 + g. Let n(y) = 2*y**3 + 4*y**2 + 5*y - 2. Let s(q) = -n(q) + 6*o(q). Let h = -4 - -6. Give s(h).
-4
Let l(r) = -2*r**2 + 2*r - 1. Suppose 4*v - 2*n = -3*n - 17, -v + 12 = -3*n. Determine l(v).
-25
Let q(a) = -2*a + 9. Let v be q(6). Let g(u) = -u + 1. Let y be g(1). Let j(l) = 0 + y*l + 1 + 2*l. What is j(v)?
-5
Let s(h) = -9*h**2 + 2 + h**3 + 9*h**2. Let v(d) = 2*d. Let n be v(-1). Determine s(n).
-6
Suppose 3*t - 3 = 2*t. Suppose 0*b + 2 = -b - 3*q, 3*q = t*b - 6. Let z = b - 2. Let i(s) = 3*s. Give i(z).
-3
Let n(b) = b + 1. Let y(o) be the second derivative of -o**5/20 - 5*o**4/12 + o**3/3 + 3*o**2 - 2*o. Let f(r) = -n(r) + y(r). Calculate f(-5).
0
Suppose 15 = -5*h - 5*x, -4*h = -0*h + x + 3. Let l(t) = -3 - 6*t**2 + 2 + h*t**2. Suppose -3*m - 12 = 0, 4*z - m = 8*z + 8. Determine l(z).
-7
Let z(i) be the first derivative of i**4/4 + 4*i**3/3 + 5*i**2/2 + 2*i + 2. Determine z(-3).
-4
Let n = 10 - 5. Suppose 0 = -n*w - y - 19 + 2, y - 7 = 3*w. Let h(c) = c**2 + 4*c + 1. Calculate h(w).
-2
Let y(i) be the third derivative of 5*i**4/24 - i**3/6 - i**2. Suppose 4*f - 3 = 17. Suppose f*o + 0*o - 15 = 0. Determine y(o).
14
Let a be (-1)/((-4)/(-3) - 1). Let u be a - 4/((-4)/11). Let o(y) = -u + 2*y + 0*y - y. What is o(6)?
-2
Let f(m) be the second derivative of -m**4/6 + m**3/3 - 2*m. Suppose q = -1 + 3. Calculate f(q).
-4
Let i(d) = d + 5. Let a(v) = 5*v**3 - 2*v**2 - v - 2. Let w(q) = 4*q**3 - q**2 - q - 1. Let b(r) = 2*a(r) - 3*w(r). Let z be b(1). What is i(z)?
2
Let j(u) be the second derivative of u**3/6 - u**2/2 - 14*u. Calculate j(3).
2
Let j(t) = t**3 - 2*t. Let x be j(2). Let k(r) = 3*r - 9. Let h be k(x). Let g(q) = q**2 - 2*q + 2 - 1 + 0*q**2. Determine g(h).
4
Let g be 6/(-5)*30/(-9). Let r(m) be the first derivative of -5*m**2 - 3 + g - m - 1 + 1. Calculate r(-1).
9
Let q(a) = -a**3 - 3 + 2 + 2*a + 10*a**2 - 9*a**2 + 0*a**3. Calculate q(-2).
7
Let h(x) be the second derivative of -x**5/20 - 5*x**4/12 + 5*x**3/6 - 4*x. Let a(v) = -v**3 + 6*v**2 + 5*v + 8. Let d be a(7). Calculate h(d).
6
Let s(n) = n**2 + 4*n - 6. Let z(r) = 4*r + 14. Let j be z(-5). What is s(j)?
6
Let k(o) = -8*o + 2 + o + 2*o - o. Give k(2).
-10
Let o(t) = 4*t**2. Let d(i) = i**3 - 4*i**2 + i - 2. Let v be d(4). Suppose 3 = f + v*f. Give o(f).
4
Let f(n) be the first derivative of -4*n**3/3 + 4. Let a(t) = -t**3 + 2*t**2 + 2*t + 2. Let j be a(3). Determine f(j).
-4
Let r be ((-16)/6)/(6/(-9)). Suppose 0*n = l + 3*n + 11, 2*l + 12 = r*n. Let w = -3 - l. Let v(m) = -m**2 + 5*m - 5. Calculate v(w).
-5
Let h(f) = f**3 - 4*f**2 - 3*f - 2. Let p(j) = j - 1. Let b(s) = h(s) + p(s). What is b(5)?
12
Let w(r) = 2*r + 1. Suppose 5*h - 2*h = 5*y - 31, 0 = -3*y + 15. Determine w(h).
-3
Let d(o) be the second derivative of -o**5/4 - o**3/6 + 4*o. Suppose r - 4*r = 3. What is d(r)?
6
Let m(z) be the first derivative of 3*z**5/4 + z**4/12 + z**3/6 - 3*z + 1. Let c(q) be the first derivative of m(q). Determine c(-1).
-15
Let k = -6 + 8. Let u(l) = l - 2 - k + 2 - 1. Give u(-5).
-8
Let p be 6 + 1 + (-2)/2. Let a(y) = 4*y - 1. Let b(f) = f - 1. Let q(x) = a(x) - 3*b(x). Give q(p).
8
Let u(m) = -m**2 - 3*m + 7. Let w = -19 + 21. Suppose w*s - 34 = 7*t - 3*t, -5*t + s = 35. What is u(t)?
-11
Let a(i) = 3*i**3 - 4*i**2 - 4*i + 4. Let y(u) = -2 + 1 + 2 + 4*u**3 - 4*u**2 - 5*u + 3. Let c(g) = 5*a(g) - 4*y(g). Give c(-4).
4
Let d(v) = 0 + 4 - 3*